07 and 14719?
41
What is the highest common divisor of 125 and 501715?
5
Calculate the greatest common factor of 1595920 and 240.
80
What is the greatest common divisor of 573520 and 6700?
1340
Calculate the highest common divisor of 1592796 and 1914.
174
What is the greatest common divisor of 2544 and 72716?
212
Calculate the highest common factor of 13182 and 1728.
6
What is the highest common divisor of 398 and 2853859?
199
Calculate the highest common divisor of 21 and 478317.
21
Calculate the greatest common divisor of 404313 and 42949.
1481
What is the greatest common divisor of 78 and 1086748?
26
Calculate the greatest common divisor of 298848 and 1981.
283
What is the greatest common factor of 270 and 273915?
135
What is the greatest common divisor of 5775 and 9450?
525
What is the greatest common factor of 192 and 25944?
24
Calculate the greatest common divisor of 121652 and 68.
68
What is the highest common divisor of 3007 and 57567?
31
Calculate the highest common divisor of 72 and 2676432.
24
What is the greatest common divisor of 126 and 249669?
63
Calculate the highest common divisor of 14541 and 3537.
393
Calculate the highest common divisor of 699 and 3.
3
Calculate the greatest common divisor of 603 and 67737.
201
What is the greatest common divisor of 6593 and 209?
19
Calculate the greatest common divisor of 2080 and 38675.
65
What is the highest common divisor of 1948 and 6084?
4
Calculate the highest common factor of 4699 and 28067.
127
What is the greatest common factor of 74770 and 140?
10
Calculate the greatest common divisor of 240640 and 25380.
940
What is the greatest common divisor of 494 and 608920?
26
What is the highest common divisor of 559147 and 527?
527
Calculate the highest common divisor of 298802 and 434.
14
What is the highest common factor of 16320 and 20740?
340
What is the greatest common factor of 3251995 and 526?
263
What is the highest common divisor of 12306353 and 841?
841
What is the highest common divisor of 1176 and 10752?
168
Calculate the greatest common divisor of 342418 and 171.
19
What is the highest common divisor of 109440 and 6460?
380
Calculate the highest common factor of 21 and 84891.
3
Calculate the greatest common factor of 238736 and 16.
16
What is the greatest common divisor of 1311 and 49013?
23
What is the greatest common divisor of 5049306 and 170?
34
What is the greatest common divisor of 81 and 6019029?
81
What is the highest common factor of 1888601 and 611?
611
Calculate the highest common divisor of 1282925 and 105.
35
Calculate the greatest common factor of 147 and 63602.
49
Calculate the greatest common divisor of 168 and 20640.
24
What is the greatest common factor of 62 and 2518?
2
Calculate the greatest common factor of 284419 and 185.
37
Calculate the highest common factor of 76132 and 12.
4
Calculate the highest common divisor of 1704 and 3.
3
Calculate the greatest common factor of 8055 and 10561.
179
What is the greatest common factor of 9252 and 36?
36
Calculate the highest common factor of 1197651 and 369.
123
Calculate the highest common divisor of 1640682 and 828.
414
What is the greatest common factor of 26103 and 66?
33
What is the highest common factor of 8032 and 29618?
502
Calculate the greatest common factor of 1072 and 15056.
16
What is the greatest common factor of 21075 and 1119785?
1405
Calculate the greatest common factor of 60 and 456180.
60
What is the highest common divisor of 46931 and 2627?
71
What is the highest common factor of 14638 and 1872?
26
What is the greatest common factor of 458220 and 4200?
420
What is the highest common factor of 292415 and 19327?
251
Calculate the greatest common divisor of 2376 and 285736.
88
Calculate the greatest common divisor of 23975 and 10.
5
Calculate the greatest common divisor of 340 and 138057.
17
Calculate the greatest common divisor of 152 and 8312.
8
Calculate the greatest common factor of 531464 and 744.
248
What is the greatest common divisor of 1424 and 769?
1
What is the greatest common factor of 25 and 193835?
5
Calculate the highest common divisor of 89 and 779729.
89
What is the greatest common factor of 714366 and 486?
54
Calculate the highest common divisor of 82820 and 10660.
820
Calculate the highest common divisor of 110137 and 482.
241
What is the greatest common divisor of 52 and 28327?
13
What is the greatest common factor of 76054 and 22?
22
What is the greatest common divisor of 10434 and 24534?
282
Calculate the greatest common factor of 55 and 165.
55
Calculate the highest common divisor of 2088 and 12789.
261
Calculate the highest common divisor of 2 and 45062.
2
What is the greatest common divisor of 54 and 2502?
18
What is the greatest common divisor of 16960 and 17490?
530
What is the highest common divisor of 29376 and 30141?
153
Calculate the greatest common divisor of 17268 and 396.
12
What is the highest common factor of 3094 and 32266?
442
Calculate the highest common divisor of 468 and 91494.
234
Calculate the greatest common divisor of 50403 and 318.
159
Calculate the greatest common factor of 238725 and 450.
225
What is the highest common divisor of 66505 and 135840?
1415
Calculate the greatest common divisor of 39115 and 5.
5
What is the highest common divisor of 112 and 142256?
16
Calculate the greatest common factor of 15460 and 80.
20
What is the greatest common divisor of 92 and 40618?
46
Calculate the highest common divisor of 64625 and 625.
125
Calculate the greatest common factor of 1260 and 378420.
420
What is the greatest common divisor of 3 and 301290?
3
What is the highest common factor of 725375 and 500?
125
What is the greatest common factor of 12 and 165188?
4
Calculate the highest common factor of 1387 and 2337.
19
What is the highest common factor of 8649 and 27?
9
What is the highest common divisor of 13671 and 467418?
651
What is the greatest common divisor of 618728 and 2492?
356
Calculate the highest common divisor of 141856 and 112.
16
Calculate the highest common factor of 186101 and 51209.
1249
Calculate the highest common factor of 136 and 3315.
17
What is the greatest common factor of 1248470 and 10?
10
What is the greatest common factor of 16397 and 2812?
19
What is the highest common factor of 54 and 235089?
27
Calculate the greatest common factor of 7 and 1301.
1
What is the highest common factor of 1845 and 82205?
205
Calculate the greatest common factor of 2188 and 44.
4
Calculate the highest common factor of 705 and 1125.
15
Calculate the greatest common divisor of 13056 and 37632.
768
Calculate the greatest common divisor of 215186 and 238.
34
What is the highest common divisor of 46725 and 1050?
525
What is the highest common factor of 360614 and 6?
2
What is the greatest common factor of 1365 and 74256?
273
Calculate the greatest common divisor of 171 and 12977.
19
Calculate the highest common factor of 34731 and 4437.
153
What is the highest common divisor of 498 and 20169?
249
Calculate the greatest common divisor of 180470 and 230.
10
What is the greatest common factor of 118580 and 176?
44
Calculate the highest common divisor of 58480 and 86.
86
Calculate the highest common factor of 6 and 3734898.
6
Calculate the highest common divisor of 12 and 7840884.
12
Calculate the greatest common factor of 13373 and 559.
43
What is the highest common factor of 20979 and 43771?
259
Calculate the greatest common divisor of 2300 and 173100.
100
What is the highest common divisor of 812 and 1407399?
203
What is the greatest common factor of 6 and 4269?
3
What is the greatest common factor of 1062 and 14101?
59
What is the highest common divisor of 1360 and 39760?
80
What is the highest common factor of 269 and 11?
1
Calculate the greatest common divisor of 1632591 and 18.
9
What is the greatest common divisor of 22875 and 5673?
183
Calculate the greatest common factor of 73070 and 10.
10
Calculate the highest common factor of 80 and 704560.
80
Calculate the highest common divisor of 45 and 370611.
9
What is the greatest common factor of 31262 and 1276?
638
Calculate the greatest common divisor of 120761 and 5319.
197
What is the highest common divisor of 156 and 977106?
78
What is the highest common factor of 1913 and 4?
1
What is the high